{"id":11801,"date":"2016-06-17T10:50:41","date_gmt":"2016-06-17T08:50:41","guid":{"rendered":"http:\/\/www.cahuzac-sur-vere.fr\/web\/?page_id=11801"},"modified":"2026-03-23T11:46:13","modified_gmt":"2026-03-23T10:46:13","slug":"la-mairie","status":"publish","type":"page","link":"https:\/\/www.cahuzac-sur-vere.fr\/web\/la-mairie\/","title":{"rendered":"La Mairie"},"content":{"rendered":"<p style=\"text-align: center;\"><span style=\"color: #000000; font-size: 18pt;\"><img loading=\"lazy\" decoding=\"async\" class=\"alignnone size-full wp-image-12238\" src=\"https:\/\/www.cahuzac-sur-vere.fr\/web\/wp-content\/uploads\/2016\/06\/Mairiecahuzac.jpg\" alt=\"mairiecahuzac\" width=\"275\" height=\"183\" srcset=\"https:\/\/www.cahuzac-sur-vere.fr\/web\/wp-content\/uploads\/2016\/06\/Mairiecahuzac-200x133.jpg 200w, https:\/\/www.cahuzac-sur-vere.fr\/web\/wp-content\/uploads\/2016\/06\/Mairiecahuzac.jpg 275w\" sizes=\"(max-width: 275px) 100vw, 275px\" \/><br \/>\nLa Mairie est ouverte au public les :<\/span><\/p>\n<div style=\"text-align: center;\"><span style=\"color: #000000;\">Lundi de 8h30 \u00e0 12h et de 14h00 \u00e0 17h00<\/span><br \/>\n<span style=\"color: #000000;\"> Mardi de 8h30 \u00e0 12h et de 14h00 \u00e0 17h00<\/span><br \/>\n<span style=\"color: #000000;\"> Mercredi de 8h30 \u00e0 12h et de 14h00 \u00e0 17h00<\/span><br \/>\n<span style=\"color: #000000;\"> Jeudi de 8h30 \u00e0 12h<\/span><br \/>\n<span style=\"color: #000000;\"> Vendredi de 8h30 \u00e0 12h et de 14h00 \u00e0 17h00<\/span><\/div>\n<div style=\"text-align: center;\"><span style=\"color: #000000;\">\u00a0<\/span><\/div>\n<div style=\"text-align: center;\">\n<p>Vous pouvez joindre les Secr\u00e9taires Sylvie CARIVEN et S\u00e9verine GAILLARD<br \/>\npar t\u00e9l\u00e9phone au 05.63.33.90.18<\/p>\n<\/div>\n<div style=\"text-align: center;\">\n<p>Le Maire, Francis YECHE re\u00e7oit sur rendez-vous les matins du lundi, mardi, Jeudi et vendredi.<\/p>\n<\/div>\n<p style=\"text-align: center;\">S&rsquo;adresser au secr\u00e9tariat.<\/p>\n<p style=\"text-align: center;\">Pour un rendez-vous avec les adjoints : Ms CLERGUE et PITORRE, Mmes DE SA et GALLESIO, t\u00e9l\u00e9phonez au secr\u00e9tariat.<\/p>\n<p style=\"text-align: center;\">Voir les d\u00e9l\u00e9gations et permanences sur l&rsquo;onglet \u00ab\u00a0Les \u00e9lus\u00a0\u00bb<\/p>\n<p style=\"text-align: center;\">Vous pouvez adresser un mail \u00e0 mairie@cahuzac-sur-vere.fr ou par le formulaire contact<\/p>\n","protected":false},"excerpt":{"rendered":"<p>La Mairie est ouverte au public les : Lundi de 8h30 \u00e0 12h et de 14h00 \u00e0 17h00 Mardi de 8h30 \u00e0 12h et de 14h00 \u00e0 17h00 Mercredi de 8h30 \u00e0 12h et de 14h00 \u00e0 17h00 Jeudi de 8h30 \u00e0 12h Vendredi de 8h30 \u00e0 12h et de 14h00 \u00e0 17h00 \u00a0 Vous pouvez [&hellip;]<\/p>\n","protected":false},"author":2,"featured_media":0,"parent":0,"menu_order":0,"comment_status":"closed","ping_status":"closed","template":"","meta":{"footnotes":""},"_links":{"self":[{"href":"https:\/\/www.cahuzac-sur-vere.fr\/web\/wp-json\/wp\/v2\/pages\/11801"}],"collection":[{"href":"https:\/\/www.cahuzac-sur-vere.fr\/web\/wp-json\/wp\/v2\/pages"}],"about":[{"href":"https:\/\/www.cahuzac-sur-vere.fr\/web\/wp-json\/wp\/v2\/types\/page"}],"author":[{"embeddable":true,"href":"https:\/\/www.cahuzac-sur-vere.fr\/web\/wp-json\/wp\/v2\/users\/2"}],"replies":[{"embeddable":true,"href":"https:\/\/www.cahuzac-sur-vere.fr\/web\/wp-json\/wp\/v2\/comments?post=11801"}],"version-history":[{"count":21,"href":"https:\/\/www.cahuzac-sur-vere.fr\/web\/wp-json\/wp\/v2\/pages\/11801\/revisions"}],"predecessor-version":[{"id":16935,"href":"https:\/\/www.cahuzac-sur-vere.fr\/web\/wp-json\/wp\/v2\/pages\/11801\/revisions\/16935"}],"wp:attachment":[{"href":"https:\/\/www.cahuzac-sur-vere.fr\/web\/wp-json\/wp\/v2\/media?parent=11801"}],"curies":[{"name":"wp","href":"https:\/\/api.w.org\/{rel}","templated":true}]}}