{"id":11917,"date":"2016-09-16T09:16:58","date_gmt":"2016-09-16T07:16:58","guid":{"rendered":"http:\/\/www.cahuzac-sur-vere.fr\/web\/?page_id=11917"},"modified":"2022-09-30T18:09:07","modified_gmt":"2022-09-30T16:09:07","slug":"numeros-utiles","status":"publish","type":"page","link":"https:\/\/www.cahuzac-sur-vere.fr\/web\/numeros-utiles\/","title":{"rendered":"Num\u00e9ros utiles"},"content":{"rendered":"<ul>\n<li><img loading=\"lazy\" decoding=\"async\" class=\" wp-image-12240 alignright\" src=\"https:\/\/www.cahuzac-sur-vere.fr\/web\/wp-content\/uploads\/2016\/09\/nemerosutiles.jpg\" alt=\"nemerosutiles\" width=\"202\" height=\"202\" srcset=\"https:\/\/www.cahuzac-sur-vere.fr\/web\/wp-content\/uploads\/2016\/09\/nemerosutiles-66x66.jpg 66w, https:\/\/www.cahuzac-sur-vere.fr\/web\/wp-content\/uploads\/2016\/09\/nemerosutiles-150x150.jpg 150w, https:\/\/www.cahuzac-sur-vere.fr\/web\/wp-content\/uploads\/2016\/09\/nemerosutiles-200x200.jpg 200w, https:\/\/www.cahuzac-sur-vere.fr\/web\/wp-content\/uploads\/2016\/09\/nemerosutiles.jpg 300w\" sizes=\"(max-width: 202px) 100vw, 202px\" \/><strong>SAMU<\/strong>\u00a0: 15<\/li>\n<li><strong>POMPIERS\u00a0<\/strong>: 18<\/li>\n<li><strong>POLICE\u00a0<\/strong>: 17<\/li>\n<li><strong>MEDECIN de GARDE:<\/strong> 3966<\/li>\n<li><strong>CAF\u00a0<\/strong>: \u00a008 10 25 81 10 site internet: <a href=\"http:\/\/www.caf.fr\/ma-caf\/caf-du-tarn\">http:\/\/www.caf.fr\/ma-caf\/caf-du-tarn<\/a><\/li>\n<li><strong>CPAM:<\/strong> \u00a03646<\/li>\n<li><strong>POLE EMPLOI :<\/strong> 3949<\/li>\n<li><strong>PERMANENCE DE L\u2019ASSISTANTE SOCIALE<\/strong> : Prendre RDV aupr\u00e8s de l&rsquo;unit\u00e9 territoriale AS GAILLAC &#8211; Tel\u00a0: 05.63.81.21.81<\/li>\n<li><strong>ENFANCE EN DANGER<\/strong>\u00a0: 119<\/li>\n<li><strong>PAROLES DE FEMMES :\u00a0<\/strong>09.51.87.31.70 (\u00e0 Gaillac) <a href=\"mailto:www.parolesdefemmes81@gmail.com\">www.parolesdefemmes81@gmail.com<\/a><\/li>\n<li><strong>COMMUNAUT\u00c9 d\u2019agglom\u00e9ration Gaillac-Graulhet<\/strong> :<br \/>\nT\u00e9l : 05 63 83 61 61<br \/>\nAccueil \u00e0 Castelnau de Montmiral: 05 63 814 815<\/li>\n<li><strong>EDF<\/strong> ( s\u00e9curit\u00e9-d\u00e9pannage)\u00a0: 08 10 333 081<\/li>\n<li><strong>Syndicat des Eaux<\/strong> (Rivi\u00e8res) :\u00a005 63 41 74 08<\/li>\n<li><strong>MUTUALITE SOCIALE AGRICOLE TARN AVEYRON:<\/strong> \u00a005 63 48 40 40<\/li>\n<li><b><u>\u00a0<span style=\"font-size: large;\">Conciliateur de justice<\/span><\/u>, ( litiges avec un priv\u00e9, personne ou entreprise)<br \/>\n<\/b><\/p>\n<p><b>M. Blanc &amp; Mr Fontaine (06 71 32 33 58 \/ 06 14 65 69 89)<br \/>\n<\/b><\/p>\n<p><b>Mairie, 58 place d&rsquo;Hautpoul, Gaillac 2\u00e8me \u00e9tage, bureau 5 <\/b><\/p>\n<p><b>Mardi matin, sans rdv de 9h \u00e0 11h<\/b><\/p>\n<p><b>\u00a0<a href=\"https:\/\/www.tarn.gouv.fr\/les-delegues-du-defenseur-des-droits-dans-le-tarn-a443.html\" target=\"_blank\" rel=\"noopener\"><span style=\"color: #000000;\"><span style=\"font-size: large;\">D\u00e9l\u00e9gu\u00e9 du D\u00e9fenseur des Droits<\/span> ex M\u00e9diateur de la R\u00e9publique ( litiges avec une administration publique)<\/span><br \/>\n<\/a><\/b><\/p>\n<p><b>DE CONTI Joseph Antoine<br \/>\n<\/b><span style=\"color: #000000;\"><u>ge<a style=\"color: #000000;\" href=\"mailto:rard.gantou@defenseurdesdroits.fr\" target=\"_blank\" rel=\"noopener\">rard.gantou@defenseurdesdroits.fr<\/a><\/u><\/span><\/p>\n<p><b><\/b><b>\u2022 <i>Simply-city \u2013 CCAS Gaillac<\/i><br \/>\n50 place Hautpoul<br \/>\n81600 GAILLAC<br \/>\nTel\u00a0: 06 51 25 27 01<br \/>\nPermanence\u00a0: 1e et 3e mercredi du mois, apr\u00e8s midi<\/b><\/li>\n<\/ul>\n","protected":false},"excerpt":{"rendered":"<p>SAMU\u00a0: 15 POMPIERS\u00a0: 18 POLICE\u00a0: 17 MEDECIN de GARDE: 3966 CAF\u00a0: \u00a008 10 25 81 10 site internet: http:\/\/www.caf.fr\/ma-caf\/caf-du-tarn CPAM: \u00a03646 POLE EMPLOI : 3949 PERMANENCE DE L\u2019ASSISTANTE SOCIALE : Prendre RDV aupr\u00e8s de l&rsquo;unit\u00e9 territoriale AS GAILLAC &#8211; Tel\u00a0: 05.63.81.21.81 ENFANCE EN DANGER\u00a0: 119 PAROLES DE FEMMES :\u00a009.51.87.31.70 (\u00e0 Gaillac) www.parolesdefemmes81@gmail.com COMMUNAUT\u00c9 d\u2019agglom\u00e9ration Gaillac-Graulhet : [&hellip;]<\/p>\n","protected":false},"author":2,"featured_media":0,"parent":0,"menu_order":0,"comment_status":"closed","ping_status":"closed","template":"","meta":{"footnotes":""},"_links":{"self":[{"href":"https:\/\/www.cahuzac-sur-vere.fr\/web\/wp-json\/wp\/v2\/pages\/11917"}],"collection":[{"href":"https:\/\/www.cahuzac-sur-vere.fr\/web\/wp-json\/wp\/v2\/pages"}],"about":[{"href":"https:\/\/www.cahuzac-sur-vere.fr\/web\/wp-json\/wp\/v2\/types\/page"}],"author":[{"embeddable":true,"href":"https:\/\/www.cahuzac-sur-vere.fr\/web\/wp-json\/wp\/v2\/users\/2"}],"replies":[{"embeddable":true,"href":"https:\/\/www.cahuzac-sur-vere.fr\/web\/wp-json\/wp\/v2\/comments?post=11917"}],"version-history":[{"count":22,"href":"https:\/\/www.cahuzac-sur-vere.fr\/web\/wp-json\/wp\/v2\/pages\/11917\/revisions"}],"predecessor-version":[{"id":15801,"href":"https:\/\/www.cahuzac-sur-vere.fr\/web\/wp-json\/wp\/v2\/pages\/11917\/revisions\/15801"}],"wp:attachment":[{"href":"https:\/\/www.cahuzac-sur-vere.fr\/web\/wp-json\/wp\/v2\/media?parent=11917"}],"curies":[{"name":"wp","href":"https:\/\/api.w.org\/{rel}","templated":true}]}}