{"id":11951,"date":"2016-09-16T09:29:06","date_gmt":"2016-09-16T07:29:06","guid":{"rendered":"http:\/\/www.cahuzac-sur-vere.fr\/web\/?page_id=11951"},"modified":"2016-11-14T10:56:04","modified_gmt":"2016-11-14T09:56:04","slug":"plan-cadastral","status":"publish","type":"page","link":"https:\/\/www.cahuzac-sur-vere.fr\/web\/plan-cadastral\/","title":{"rendered":"Plan cadastral"},"content":{"rendered":"<p><strong><a href=\"http:\/\/www.cadastre.gouv.fr\/scpc\/rechercherPlan.do\" target=\"_blank\">Acc\u00e9dez aux feuilles en ligne du plan cadastral de Cahuzac-sur-V\u00e8re<\/a><\/strong><\/p>\n<p><img loading=\"lazy\" decoding=\"async\" class=\"alignnone size-full wp-image-12229\" src=\"https:\/\/www.cahuzac-sur-vere.fr\/web\/wp-content\/uploads\/2016\/09\/cadas.jpg\" alt=\"cadas\" width=\"431\" height=\"166\" srcset=\"https:\/\/www.cahuzac-sur-vere.fr\/web\/wp-content\/uploads\/2016\/09\/cadas-200x77.jpg 200w, https:\/\/www.cahuzac-sur-vere.fr\/web\/wp-content\/uploads\/2016\/09\/cadas-300x116.jpg 300w, https:\/\/www.cahuzac-sur-vere.fr\/web\/wp-content\/uploads\/2016\/09\/cadas-400x154.jpg 400w, https:\/\/www.cahuzac-sur-vere.fr\/web\/wp-content\/uploads\/2016\/09\/cadas.jpg 431w\" sizes=\"(max-width: 431px) 100vw, 431px\" \/><br \/>\nVous pouvez \u00e9galement visionner sur le portail des territoires et des citoyens, mis en ligne par le gouvernement sous le nom de \u00ab\u00a0G\u00e9oportail\u00a0\u00bb, \u00e0 l&rsquo;adresse suivante: <a href=\"http:\/\/www.geoportail.gouv.fr\/\" target=\"_blank\">http:\/\/www.geoportail.gouv.fr\/<\/a> entre autres les parcelles cadastrales de votre commune, les cartes IGN etc&#8230;<\/p>\n","protected":false},"excerpt":{"rendered":"<p>Acc\u00e9dez aux feuilles en ligne du plan cadastral de Cahuzac-sur-V\u00e8re Vous pouvez \u00e9galement visionner sur le portail des territoires et des citoyens, mis en ligne par le gouvernement sous le nom de \u00ab\u00a0G\u00e9oportail\u00a0\u00bb, \u00e0 l&rsquo;adresse suivante: http:\/\/www.geoportail.gouv.fr\/ entre autres les parcelles cadastrales de votre commune, les cartes IGN etc&#8230;<\/p>\n","protected":false},"author":2,"featured_media":0,"parent":0,"menu_order":0,"comment_status":"closed","ping_status":"closed","template":"","meta":{"footnotes":""},"_links":{"self":[{"href":"https:\/\/www.cahuzac-sur-vere.fr\/web\/wp-json\/wp\/v2\/pages\/11951"}],"collection":[{"href":"https:\/\/www.cahuzac-sur-vere.fr\/web\/wp-json\/wp\/v2\/pages"}],"about":[{"href":"https:\/\/www.cahuzac-sur-vere.fr\/web\/wp-json\/wp\/v2\/types\/page"}],"author":[{"embeddable":true,"href":"https:\/\/www.cahuzac-sur-vere.fr\/web\/wp-json\/wp\/v2\/users\/2"}],"replies":[{"embeddable":true,"href":"https:\/\/www.cahuzac-sur-vere.fr\/web\/wp-json\/wp\/v2\/comments?post=11951"}],"version-history":[{"count":3,"href":"https:\/\/www.cahuzac-sur-vere.fr\/web\/wp-json\/wp\/v2\/pages\/11951\/revisions"}],"predecessor-version":[{"id":12231,"href":"https:\/\/www.cahuzac-sur-vere.fr\/web\/wp-json\/wp\/v2\/pages\/11951\/revisions\/12231"}],"wp:attachment":[{"href":"https:\/\/www.cahuzac-sur-vere.fr\/web\/wp-json\/wp\/v2\/media?parent=11951"}],"curies":[{"name":"wp","href":"https:\/\/api.w.org\/{rel}","templated":true}]}}