{"id":12129,"date":"2016-11-09T17:19:11","date_gmt":"2016-11-09T16:19:11","guid":{"rendered":"http:\/\/www.cahuzac-sur-vere.fr\/web\/?page_id=12129"},"modified":"2026-04-13T10:42:37","modified_gmt":"2026-04-13T08:42:37","slug":"les-elus-conseil-municipal-enfant","status":"publish","type":"page","link":"https:\/\/www.cahuzac-sur-vere.fr\/web\/les-elus-conseil-municipal-enfant\/","title":{"rendered":"Les \u00e9lus &#8211; Conseil Municipal Enfants"},"content":{"rendered":"<p><strong>Le mercredi 15 octobre 2025 <\/strong>, un nouveau Conseil Municipal des Enfants a \u00e9t\u00e9 \u00e9lu parmi les \u00e9l\u00e8ves des CE2, \u00a0CM1 et CM2 de l&rsquo;Ecole Prim&rsquo;V\u00e8re.<br \/>\nLe vote et les candidatures \u00e9taient ouverts \u00e0 tous les enfants de l\u2019\u00e9cole, m\u00eame habitant hors de la commune.<\/p>\n<p><strong>16 candidats s\u2019\u00e9taient pr\u00e9sent\u00e9s et nous les f\u00e9licitons beaucoup pour leur engagement. Cette ann\u00e9e 8 conseillers ont \u00e9t\u00e9 \u00e9lus.\u00a0<\/strong><\/p>\n<p><img loading=\"lazy\" decoding=\"async\" class=\"alignnone wp-image-16961\" src=\"https:\/\/www.cahuzac-sur-vere.fr\/web\/wp-content\/uploads\/2026\/04\/les-elus-300x217.jpeg\" alt=\"\" width=\"346\" height=\"250\" srcset=\"https:\/\/www.cahuzac-sur-vere.fr\/web\/wp-content\/uploads\/2026\/04\/les-elus-200x144.jpeg 200w, https:\/\/www.cahuzac-sur-vere.fr\/web\/wp-content\/uploads\/2026\/04\/les-elus-300x217.jpeg 300w, https:\/\/www.cahuzac-sur-vere.fr\/web\/wp-content\/uploads\/2026\/04\/les-elus-400x289.jpeg 400w, https:\/\/www.cahuzac-sur-vere.fr\/web\/wp-content\/uploads\/2026\/04\/les-elus-600x433.jpeg 600w, https:\/\/www.cahuzac-sur-vere.fr\/web\/wp-content\/uploads\/2026\/04\/les-elus-768x555.jpeg 768w, https:\/\/www.cahuzac-sur-vere.fr\/web\/wp-content\/uploads\/2026\/04\/les-elus-800x578.jpeg 800w, https:\/\/www.cahuzac-sur-vere.fr\/web\/wp-content\/uploads\/2026\/04\/les-elus-1024x740.jpeg 1024w, https:\/\/www.cahuzac-sur-vere.fr\/web\/wp-content\/uploads\/2026\/04\/les-elus-1200x867.jpeg 1200w, https:\/\/www.cahuzac-sur-vere.fr\/web\/wp-content\/uploads\/2026\/04\/les-elus-1536x1109.jpeg 1536w, https:\/\/www.cahuzac-sur-vere.fr\/web\/wp-content\/uploads\/2026\/04\/les-elus.jpeg 1545w\" sizes=\"(max-width: 346px) 100vw, 346px\" \/><\/p>\n<p>&nbsp;<\/p>\n<p>Un grand bravo aux nouveaux \u00e9lus!<\/p>\n<p>&nbsp;<\/p>\n<p><img loading=\"lazy\" decoding=\"async\" class=\"alignnone size-medium wp-image-16960\" src=\"https:\/\/www.cahuzac-sur-vere.fr\/web\/wp-content\/uploads\/2026\/04\/20251015_120353-300x139.jpg\" alt=\"\" width=\"300\" height=\"139\" srcset=\"https:\/\/www.cahuzac-sur-vere.fr\/web\/wp-content\/uploads\/2026\/04\/20251015_120353-200x92.jpg 200w, https:\/\/www.cahuzac-sur-vere.fr\/web\/wp-content\/uploads\/2026\/04\/20251015_120353-300x139.jpg 300w, https:\/\/www.cahuzac-sur-vere.fr\/web\/wp-content\/uploads\/2026\/04\/20251015_120353-400x185.jpg 400w, https:\/\/www.cahuzac-sur-vere.fr\/web\/wp-content\/uploads\/2026\/04\/20251015_120353-600x277.jpg 600w, https:\/\/www.cahuzac-sur-vere.fr\/web\/wp-content\/uploads\/2026\/04\/20251015_120353-768x355.jpg 768w, https:\/\/www.cahuzac-sur-vere.fr\/web\/wp-content\/uploads\/2026\/04\/20251015_120353-800x369.jpg 800w, https:\/\/www.cahuzac-sur-vere.fr\/web\/wp-content\/uploads\/2026\/04\/20251015_120353-1024x473.jpg 1024w, https:\/\/www.cahuzac-sur-vere.fr\/web\/wp-content\/uploads\/2026\/04\/20251015_120353-1200x554.jpg 1200w, https:\/\/www.cahuzac-sur-vere.fr\/web\/wp-content\/uploads\/2026\/04\/20251015_120353-1536x709.jpg 1536w\" sizes=\"(max-width: 300px) 100vw, 300px\" \/> <img loading=\"lazy\" decoding=\"async\" class=\"alignnone size-medium wp-image-16958\" src=\"https:\/\/www.cahuzac-sur-vere.fr\/web\/wp-content\/uploads\/2026\/04\/20251015_115858-300x186.jpg\" alt=\"\" width=\"300\" height=\"186\" srcset=\"https:\/\/www.cahuzac-sur-vere.fr\/web\/wp-content\/uploads\/2026\/04\/20251015_115858-200x124.jpg 200w, https:\/\/www.cahuzac-sur-vere.fr\/web\/wp-content\/uploads\/2026\/04\/20251015_115858-300x186.jpg 300w, https:\/\/www.cahuzac-sur-vere.fr\/web\/wp-content\/uploads\/2026\/04\/20251015_115858-400x248.jpg 400w, https:\/\/www.cahuzac-sur-vere.fr\/web\/wp-content\/uploads\/2026\/04\/20251015_115858-600x372.jpg 600w, https:\/\/www.cahuzac-sur-vere.fr\/web\/wp-content\/uploads\/2026\/04\/20251015_115858-768x477.jpg 768w, https:\/\/www.cahuzac-sur-vere.fr\/web\/wp-content\/uploads\/2026\/04\/20251015_115858-800x496.jpg 800w, https:\/\/www.cahuzac-sur-vere.fr\/web\/wp-content\/uploads\/2026\/04\/20251015_115858-1024x635.jpg 1024w, https:\/\/www.cahuzac-sur-vere.fr\/web\/wp-content\/uploads\/2026\/04\/20251015_115858-1200x745.jpg 1200w, https:\/\/www.cahuzac-sur-vere.fr\/web\/wp-content\/uploads\/2026\/04\/20251015_115858.jpg 1518w\" sizes=\"(max-width: 300px) 100vw, 300px\" \/> <img loading=\"lazy\" decoding=\"async\" class=\"alignnone size-medium wp-image-16957\" src=\"https:\/\/www.cahuzac-sur-vere.fr\/web\/wp-content\/uploads\/2026\/04\/20251015_103614-300x139.jpg\" alt=\"\" width=\"300\" height=\"139\" srcset=\"https:\/\/www.cahuzac-sur-vere.fr\/web\/wp-content\/uploads\/2026\/04\/20251015_103614-200x92.jpg 200w, https:\/\/www.cahuzac-sur-vere.fr\/web\/wp-content\/uploads\/2026\/04\/20251015_103614-300x139.jpg 300w, https:\/\/www.cahuzac-sur-vere.fr\/web\/wp-content\/uploads\/2026\/04\/20251015_103614-400x185.jpg 400w, https:\/\/www.cahuzac-sur-vere.fr\/web\/wp-content\/uploads\/2026\/04\/20251015_103614-600x277.jpg 600w, https:\/\/www.cahuzac-sur-vere.fr\/web\/wp-content\/uploads\/2026\/04\/20251015_103614-768x355.jpg 768w, https:\/\/www.cahuzac-sur-vere.fr\/web\/wp-content\/uploads\/2026\/04\/20251015_103614-800x369.jpg 800w, https:\/\/www.cahuzac-sur-vere.fr\/web\/wp-content\/uploads\/2026\/04\/20251015_103614-1024x473.jpg 1024w, https:\/\/www.cahuzac-sur-vere.fr\/web\/wp-content\/uploads\/2026\/04\/20251015_103614-1200x554.jpg 1200w, https:\/\/www.cahuzac-sur-vere.fr\/web\/wp-content\/uploads\/2026\/04\/20251015_103614-1536x709.jpg 1536w\" sizes=\"(max-width: 300px) 100vw, 300px\" \/><\/p>\n<p>&nbsp;<\/p>\n<p>&nbsp;<\/p>\n<p>&nbsp;<\/p>\n","protected":false},"excerpt":{"rendered":"<p>Le mercredi 15 octobre 2025 , un nouveau Conseil Municipal des Enfants a \u00e9t\u00e9 \u00e9lu parmi les \u00e9l\u00e8ves des CE2, \u00a0CM1 et CM2 de l&rsquo;Ecole Prim&rsquo;V\u00e8re. Le vote et les candidatures \u00e9taient ouverts \u00e0 tous les enfants de l\u2019\u00e9cole, m\u00eame habitant hors de la commune. 16 candidats s\u2019\u00e9taient pr\u00e9sent\u00e9s et nous les f\u00e9licitons beaucoup pour leur [&hellip;]<\/p>\n","protected":false},"author":2,"featured_media":16959,"parent":0,"menu_order":0,"comment_status":"closed","ping_status":"closed","template":"","meta":{"footnotes":""},"_links":{"self":[{"href":"https:\/\/www.cahuzac-sur-vere.fr\/web\/wp-json\/wp\/v2\/pages\/12129"}],"collection":[{"href":"https:\/\/www.cahuzac-sur-vere.fr\/web\/wp-json\/wp\/v2\/pages"}],"about":[{"href":"https:\/\/www.cahuzac-sur-vere.fr\/web\/wp-json\/wp\/v2\/types\/page"}],"author":[{"embeddable":true,"href":"https:\/\/www.cahuzac-sur-vere.fr\/web\/wp-json\/wp\/v2\/users\/2"}],"replies":[{"embeddable":true,"href":"https:\/\/www.cahuzac-sur-vere.fr\/web\/wp-json\/wp\/v2\/comments?post=12129"}],"version-history":[{"count":18,"href":"https:\/\/www.cahuzac-sur-vere.fr\/web\/wp-json\/wp\/v2\/pages\/12129\/revisions"}],"predecessor-version":[{"id":16963,"href":"https:\/\/www.cahuzac-sur-vere.fr\/web\/wp-json\/wp\/v2\/pages\/12129\/revisions\/16963"}],"wp:featuredmedia":[{"embeddable":true,"href":"https:\/\/www.cahuzac-sur-vere.fr\/web\/wp-json\/wp\/v2\/media\/16959"}],"wp:attachment":[{"href":"https:\/\/www.cahuzac-sur-vere.fr\/web\/wp-json\/wp\/v2\/media?parent=12129"}],"curies":[{"name":"wp","href":"https:\/\/api.w.org\/{rel}","templated":true}]}}