{"id":12193,"date":"2016-11-10T16:51:38","date_gmt":"2016-11-10T15:51:38","guid":{"rendered":"http:\/\/www.cahuzac-sur-vere.fr\/web\/?page_id=12193"},"modified":"2025-07-04T11:19:40","modified_gmt":"2025-07-04T09:19:40","slug":"professionnels-de-sante","status":"publish","type":"page","link":"https:\/\/www.cahuzac-sur-vere.fr\/web\/professionnels-de-sante\/","title":{"rendered":"Professionnels de sant\u00e9"},"content":{"rendered":"<p><span style=\"color: #cc0066; font-size: 14pt;\"><strong>Services <span style=\"color: #cc0267;\">M\u00e9dicaux<\/span> : <\/strong><span style=\"color: #000000;\"><span style=\"font-size: 12pt;\"><em>la commune dispose d&rsquo;une offre de soins cons\u00e9quente et qui s&rsquo;\u00e9toffe: \u00e0 la rentr\u00e9e de septembre 2019, une orthophoniste viendra rejoindre le Groupe m\u00e9dical.<\/em> <\/span><br \/>\n<\/span><\/span><\/p>\n<p><strong><span style=\"color: #0000ff;\">M\u00e9decins G\u00e9n\u00e9ralistes:<\/span> \u00a0 \u00a0<span style=\"color: #000000;\">05.63.33.92.52<\/span><\/strong><\/p>\n<p><strong>Dr DE TRUCHIS DE VARENNE\u00a0<\/strong>Anne<br \/>\n<strong>Dr\u00a0SABADIE<\/strong> Pierre-Louis<br \/>\nAdresse : Groupe m\u00e9dical &#8211; R\u00e9sidence du Pigeonnier\u00a0 \u00a0 \u00a0 \u00a0 \u00a0 \u00a0 <img loading=\"lazy\" decoding=\"async\" class=\" wp-image-15883 alignright\" src=\"https:\/\/www.cahuzac-sur-vere.fr\/web\/wp-content\/uploads\/2023\/01\/Image1-300x166.jpg\" alt=\"\" width=\"327\" height=\"181\" srcset=\"https:\/\/www.cahuzac-sur-vere.fr\/web\/wp-content\/uploads\/2023\/01\/Image1-200x110.jpg 200w, https:\/\/www.cahuzac-sur-vere.fr\/web\/wp-content\/uploads\/2023\/01\/Image1-300x166.jpg 300w, https:\/\/www.cahuzac-sur-vere.fr\/web\/wp-content\/uploads\/2023\/01\/Image1-400x221.jpg 400w, https:\/\/www.cahuzac-sur-vere.fr\/web\/wp-content\/uploads\/2023\/01\/Image1-600x331.jpg 600w, https:\/\/www.cahuzac-sur-vere.fr\/web\/wp-content\/uploads\/2023\/01\/Image1-768x424.jpg 768w, https:\/\/www.cahuzac-sur-vere.fr\/web\/wp-content\/uploads\/2023\/01\/Image1-800x442.jpg 800w, https:\/\/www.cahuzac-sur-vere.fr\/web\/wp-content\/uploads\/2023\/01\/Image1-1024x566.jpg 1024w, https:\/\/www.cahuzac-sur-vere.fr\/web\/wp-content\/uploads\/2023\/01\/Image1-1200x663.jpg 1200w, https:\/\/www.cahuzac-sur-vere.fr\/web\/wp-content\/uploads\/2023\/01\/Image1.jpg 1385w\" sizes=\"(max-width: 327px) 100vw, 327px\" \/><br \/>\n1 rue du Pigeonnier &#8211;\u00a0 81140 Cahuzac-sur-V\u00e8re<\/p>\n<p><strong><span style=\"color: #0000ff;\">Cabinet d\u2019Infirmi\u00e8res :<\/span> \u00a0 \u00a005.63.33.91.10<\/strong><\/p>\n<p><strong>CHAUCOT<\/strong> Fran\u00e7oise<br \/>\n<strong>GIORGIUTTI<\/strong> Paule<br \/>\n<strong>MAZIERES<\/strong> Dominique<br \/>\n<strong>MONTELS<\/strong> Christine<\/p>\n<p><strong>RICARD <\/strong>Roxane<strong>, CASALS LAFON<\/strong> Roxane, <strong>GAYRARD<\/strong> Tiphaine, <strong>LOPES<\/strong> Myriam<\/p>\n<p>Adresse : Groupe m\u00e9dical &#8211;\u00a0R\u00e9sidence du Pigeonnier<br \/>\n1 rue du Pigeonnier &#8211;\u00a0 81140 Cahuzac-sur v\u00e8re<\/p>\n<p><strong><span style=\"color: #0000ff;\">Infirmi\u00e8re Asal\u00e9e, Action de sant\u00e9 lib\u00e9rale en \u00e9quipe<\/span><\/strong><\/p>\n<p><strong>\u00a0<\/strong><strong>DECOMBAS<\/strong> Nathalie :<strong> 06 77 99 59 15\u00a0<\/strong><\/p>\n<p>Collaboratrice du Dr DETRUCHIS DE VARENNE et du Dr SABADIE<\/p>\n<p>Groupe m\u00e9dical \u2013 R\u00e9sidence du Pigeonnier 1 rue du Pigeonnier \u2013 81140 Cahuzac-sur-V\u00e8re<\/p>\n<div>\n<p><strong><span style=\"color: #0000ff;\">Kin\u00e9sith\u00e9rapeutes:<\/span>\u00a0\u00a0<\/strong><\/p>\n<ul>\n<li><strong>VAISSIERE<\/strong> Pierre<br \/>\n<strong>PILUDU<\/strong> Louis-Pierre<br \/>\n4 rue des Ecoles<br \/>\n81140 &#8211; \u00a0Cahuzac-sur-V\u00e8re.<br \/>\nT\u00e9l:\u00a0<strong><strong><strong>05.63.40.15.57<\/strong><\/strong><\/strong><\/li>\n<li><strong>DUBOIS<\/strong> Isabelle, Masseur-kin\u00e9sith\u00e9rapeute, r\u00e9flexologie plantaire.<br \/>\n248 chemin de P\u00e9rayrols,<br \/>\n81140 &#8211; \u00a0Cahuzac sur V\u00e8re<br \/>\nT\u00e9l: <strong>05 63 49 92 91<br \/>\n<\/strong>mel: dubois.isabelle81@orange.fr<strong><br \/>\n<\/strong><\/li>\n<\/ul>\n<\/div>\n<div>\n<p><strong><span style=\"color: #0000ff;\">Sage-femme:\u00a0 <\/span><\/strong><strong>06.19.63.73.34<\/strong><\/p>\n<p>Lauriane<strong> PILUDU<\/strong>,<br \/>\n4 rue des \u00e9coles<br \/>\n81140 &#8211; Cahuzac sur V\u00e8re<\/p>\n<div id=\"attachment_12377\" style=\"width: 279px\" class=\"wp-caption alignright\"><img loading=\"lazy\" decoding=\"async\" aria-describedby=\"caption-attachment-12377\" class=\"wp-image-12377\" src=\"https:\/\/www.cahuzac-sur-vere.fr\/web\/wp-content\/uploads\/2016\/11\/IMG_5573.jpg\" alt=\"img_5573\" width=\"269\" height=\"195\" srcset=\"https:\/\/www.cahuzac-sur-vere.fr\/web\/wp-content\/uploads\/2016\/11\/IMG_5573-200x145.jpg 200w, https:\/\/www.cahuzac-sur-vere.fr\/web\/wp-content\/uploads\/2016\/11\/IMG_5573-300x218.jpg 300w, https:\/\/www.cahuzac-sur-vere.fr\/web\/wp-content\/uploads\/2016\/11\/IMG_5573-400x291.jpg 400w, https:\/\/www.cahuzac-sur-vere.fr\/web\/wp-content\/uploads\/2016\/11\/IMG_5573-600x436.jpg 600w, https:\/\/www.cahuzac-sur-vere.fr\/web\/wp-content\/uploads\/2016\/11\/IMG_5573-768x558.jpg 768w, https:\/\/www.cahuzac-sur-vere.fr\/web\/wp-content\/uploads\/2016\/11\/IMG_5573-800x581.jpg 800w, https:\/\/www.cahuzac-sur-vere.fr\/web\/wp-content\/uploads\/2016\/11\/IMG_5573-1024x744.jpg 1024w, https:\/\/www.cahuzac-sur-vere.fr\/web\/wp-content\/uploads\/2016\/11\/IMG_5573-1200x872.jpg 1200w, https:\/\/www.cahuzac-sur-vere.fr\/web\/wp-content\/uploads\/2016\/11\/IMG_5573.jpg 3420w\" sizes=\"(max-width: 269px) 100vw, 269px\" \/><p id=\"caption-attachment-12377\" class=\"wp-caption-text\">Cabinet dentaire, 4\u00a0 rue du barry.<\/p><\/div>\n<p><strong><span style=\"color: #0000ff;\">Chirurgien dentiste-implantologue dentaire:<\/span> \u00a0 \u00a005.63.56.38.35<\/strong><\/p>\n<p><strong>Dr <\/strong>Kafia <strong>GHEMARI<\/strong><\/p>\n<p>R\u00e9sidence Fer Servadou,<br \/>\n4 rue du Barry \u00a0 <em>(rez-de-chauss\u00e9e)<br \/>\n<\/em>81140 Cahuzac-sur-V\u00e8re<\/p>\n<\/div>\n<p><strong><span style=\"color: #0000ff;\">Pharmacie :<\/span>\u00a005.63.55.06.61<br \/>\n<\/strong>Mme <strong>EL OIDI<\/strong> Marie<br \/>\nRoute de Cordes 81140 Cahuzac-sur-V\u00e8re<\/p>\n<div>\n<p><span style=\"color: #0000ff;\"><strong>Psychologue: <span style=\"color: #000000;\">06 51 52 08 89<\/span><\/strong><br \/>\n<span style=\"color: #000000;\"><strong>Mme Emeline MAURIN,<\/strong><br \/>\nGroupe m\u00e9dical &#8211;\u00a0R\u00e9sidence du Pigeonnier<\/span><br \/>\n<span style=\"color: #000000;\">1 rue du Pigeonnier<br \/>\n81140 Cahuzac-sur-V\u00e8re<\/span><\/span><\/p>\n<p><strong><span style=\"color: #0000ff;\">Orthophoniste<\/span><\/strong> :<strong> 06.43.80.71.57<\/strong><\/p>\n<p><strong>Mme FAVAREL,<\/strong>\u00a0 \u00a0 \u00a0 \u00a0 \u00a0 \u00a0 \u00a0 \u00a0 \u00a0 \u00a0 \u00a0 \u00a0 \u00a0 \u00a0 \u00a0 \u00a0 \u00a0 \u00a0 \u00a0 \u00a0 \u00a0 \u00a0 \u00a0 \u00a0 \u00a0 \u00a0 \u00a0 \u00a0 \u00a0 \u00a0 \u00a0 \u00a0 \u00a0 \u00a0 \u00a0 \u00a0 \u00a0 \u00a0 \u00a0 \u00a0 \u00a0 \u00a0 \u00a0 \u00a0 \u00a0 \u00a0 \u00a0 \u00a0 \u00a0 \u00a0 \u00a0 \u00a0 \u00a0 \u00a0 \u00a0 \u00a0 \u00a0 \u00a0 \u00a0 \u00a0 \u00a0 \u00a0 \u00a0 \u00a0 \u00a0 \u00a0 \u00a0 \u00a0 \u00a0 \u00a0 \u00a0 \u00a0 \u00a0 \u00a0 \u00a0 \u00a0 \u00a0 \u00a0 \u00a0 \u00a0 \u00a0 \u00a0 \u00a0 <span style=\"color: #0000ff;\"><span style=\"color: #000000;\">Groupe m\u00e9dical &#8211;\u00a0R\u00e9sidence du Pigeonnier<\/span><br \/>\n<span style=\"color: #000000;\">1 rue du Pigeonnier<br \/>\n81140 Cahuzac-sur-V\u00e8re<\/span><\/span><\/p>\n<p><strong><span style=\"color: #0000ff;\">Di\u00e9t\u00e9ticienne :<\/span> 06.36.17.98.16<\/strong><\/p>\n<p><strong>Mme St\u00e9phanie BARCK,\u00a0 \u00a0<\/strong>\u00a0 \u00a0 \u00a0 \u00a0 \u00a0 \u00a0 \u00a0 \u00a0 \u00a0 \u00a0 \u00a0 \u00a0 \u00a0 \u00a0 \u00a0 \u00a0 \u00a0 \u00a0 \u00a0 \u00a0 \u00a0 \u00a0 \u00a0 \u00a0 \u00a0 \u00a0 \u00a0 \u00a0 \u00a0 \u00a0 \u00a0 \u00a0 \u00a0 \u00a0 \u00a0 \u00a0 \u00a0 \u00a0 \u00a0 \u00a0 \u00a0 \u00a0 \u00a0 \u00a0 \u00a0 \u00a0 \u00a0 \u00a0 \u00a0 \u00a0 \u00a0 \u00a0 \u00a0 \u00a0 \u00a0 \u00a0 \u00a0 \u00a0 \u00a0 \u00a0 \u00a0 \u00a0 \u00a0 \u00a0 \u00a0 \u00a0 \u00a0 \u00a0 \u00a0 \u00a0 \u00a0 \u00a0 <span style=\"color: #0000ff;\"><span style=\"color: #000000;\">Groupe m\u00e9dical &#8211;\u00a0R\u00e9sidence du Pigeonnier<\/span><br \/>\n<span style=\"color: #000000;\">1 rue du Pigeonnier<br \/>\n81140 Cahuzac-sur-V\u00e8re<\/span><\/span><\/p>\n<p><span style=\"color: #0000ff;\"><strong>\u00a0<\/strong><\/span><\/p>\n<p><span style=\"color: #cc0267;\"><strong><span style=\"font-size: 14pt;\">Soins alternatifs:<\/span> <\/strong><\/span><\/p>\n<p><span style=\"color: #0000ff;\"><strong>Energ\u00e9tique chinoise:\u00a0<span style=\"color: #000000;\">07 86 37 30 17<\/span><\/strong><\/span><br \/>\n<strong>Mme <\/strong>Elise<strong> ARANY<\/strong><br \/>\n7 route de Gaillac<br \/>\n81140 &#8211; Cahuzac sur V\u00e8re.<\/p>\n<div><\/div>\n<\/div>\n<p>&nbsp;<\/p>\n","protected":false},"excerpt":{"rendered":"<p>Services M\u00e9dicaux : la commune dispose d&rsquo;une offre de soins cons\u00e9quente et qui s&rsquo;\u00e9toffe: \u00e0 la rentr\u00e9e de septembre 2019, une orthophoniste viendra rejoindre le Groupe m\u00e9dical. M\u00e9decins G\u00e9n\u00e9ralistes: \u00a0 \u00a005.63.33.92.52 Dr DE TRUCHIS DE VARENNE\u00a0Anne Dr\u00a0SABADIE Pierre-Louis Adresse : Groupe m\u00e9dical &#8211; R\u00e9sidence du Pigeonnier\u00a0 \u00a0 \u00a0 \u00a0 \u00a0 \u00a0 1 rue du Pigeonnier &#8211;\u00a0 [&hellip;]<\/p>\n","protected":false},"author":2,"featured_media":0,"parent":0,"menu_order":0,"comment_status":"closed","ping_status":"closed","template":"","meta":{"footnotes":""},"_links":{"self":[{"href":"https:\/\/www.cahuzac-sur-vere.fr\/web\/wp-json\/wp\/v2\/pages\/12193"}],"collection":[{"href":"https:\/\/www.cahuzac-sur-vere.fr\/web\/wp-json\/wp\/v2\/pages"}],"about":[{"href":"https:\/\/www.cahuzac-sur-vere.fr\/web\/wp-json\/wp\/v2\/types\/page"}],"author":[{"embeddable":true,"href":"https:\/\/www.cahuzac-sur-vere.fr\/web\/wp-json\/wp\/v2\/users\/2"}],"replies":[{"embeddable":true,"href":"https:\/\/www.cahuzac-sur-vere.fr\/web\/wp-json\/wp\/v2\/comments?post=12193"}],"version-history":[{"count":38,"href":"https:\/\/www.cahuzac-sur-vere.fr\/web\/wp-json\/wp\/v2\/pages\/12193\/revisions"}],"predecessor-version":[{"id":16668,"href":"https:\/\/www.cahuzac-sur-vere.fr\/web\/wp-json\/wp\/v2\/pages\/12193\/revisions\/16668"}],"wp:attachment":[{"href":"https:\/\/www.cahuzac-sur-vere.fr\/web\/wp-json\/wp\/v2\/media?parent=12193"}],"curies":[{"name":"wp","href":"https:\/\/api.w.org\/{rel}","templated":true}]}}