{"id":12199,"date":"2016-11-10T16:58:00","date_gmt":"2016-11-10T15:58:00","guid":{"rendered":"http:\/\/www.cahuzac-sur-vere.fr\/web\/?page_id=12199"},"modified":"2024-01-22T10:51:31","modified_gmt":"2024-01-22T09:51:31","slug":"services-a-la-personne","status":"publish","type":"page","link":"https:\/\/www.cahuzac-sur-vere.fr\/web\/services-a-la-personne\/","title":{"rendered":"Services \u00e0 la personne"},"content":{"rendered":"<p><strong><span style=\"color: #cc0066;\">Autonomie service 81 :\u00a0 \u00a0 <\/span>05.63.40.62.62<\/strong><\/p>\n<p><strong><img loading=\"lazy\" decoding=\"async\" class=\"alignright\" src=\"https:\/\/www.autonomieservices81.fr\/ressources\/images\/d12f961b386e.png\" alt=\"Recherche dans la barre lat\u00e9rale\" width=\"153\" height=\"145\" \/><\/strong><\/p>\n<p><b>AUTONOMIE SERVICES 81<\/b><\/p>\n<p><b>Si\u00e8ge administratif\u00a0\u00a0\u00a0\u00a0\u00a0\u00a0\u00a0\u00a0\u00a0\u00a0\u00a0\u00a0\u00a0\u00a0\u00a0\u00a0\u00a0\u00a0\u00a0\u00a0\u00a0\u00a0\u00a0\u00a0\u00a0\u00a0\u00a0\u00a0\u00a0\u00a0\u00a0\u00a0 Si\u00e8<\/b><b>ge social<\/b><\/p>\n<p>13 rue de l&rsquo;Escalfadou\u00a0 \u00a0 \u00a0 \u00a0 \u00a0 \u00a0 \u00a0 \u00a0 \u00a0 \u00a0 \u00a0 \u00a0 \u00a0 \u00a0 \u00a0 \u00a0 \u00a0 \u00a04 rue Elie Aymeric, Centre m\u00e9dical, B\u00e2t F<\/p>\n<p>81140 CAHUZAC-SUR-VERE\u00a0 \u00a0 \u00a0 \u00a0 \u00a0 \u00a0 \u00a0 \u00a0 \u00a0 \u00a0 81800 RABASTENS<\/p>\n<p>Tel : 05.63.40.62.62<\/p>\n<p>Site\u00a0: <a href=\"http:\/\/www.autonomieservices81.fr\/\"> www.autonomieservices81.fr<\/a><\/p>\n<ul>\n<li><span class=\"day\">Lun &#8211; Ven<\/span>\u00a0<span class=\"hours\">08h30 &#8211; 12h30 | 13h30 &#8211; 17h30<\/span><\/li>\n<\/ul>\n<p>&nbsp;<\/p>\n<div>\n<p><strong><span style=\"color: #cc0066;\">Permanence assistante sociale : \u00a0<\/span><\/strong><span style=\"color: #cc0066;\">\u00a0<\/span><strong>05.63.81.21.81<\/strong><\/p>\n<p>Madame BOULET-GERCOURT (Assistante sociale du Conseil D\u00e9partemental)<br \/>\nMadame LAUR (C.E.S.F)<br \/>\nMaison du D\u00e9partement de Gaillac<br \/>\n12 RUE Hippolyte RIGAL 81600 GAILLAC<br \/>\nMail. maison-gaillac-ds@tarn.fr<\/p>\n<p>Une assistante sociale Du Conseil D\u00e9partemental, pourquoi faire?<br \/>\nPour :<br \/>\n\u27a2Etre \u00e9cout\u00e9, soutenu et conseill\u00e9.<br \/>\n\u27a2Acc\u00e9der \u00e0 vos droits, \u00e0 votre sant\u00e9, au logement.<br \/>\n\u27a2Faire un point budget.<br \/>\n\u27a2Etre orient\u00e9 vers les organismes comp\u00e9tents.<br \/>\n\u27a2Etre inform\u00e9 sur la protection de l\u2019enfance et des majeurs vuln\u00e9rables.<br \/>\n\u27a2Etre accompagn\u00e9 dans cadre du Revenu de Solidarit\u00e9 Active<\/p>\n<p>&#8211; Par t\u00e9l\u00e9phone le mardi matin.<\/p>\n<p>&#8211; En RDV physique:<\/p>\n<p>* le 1er vendredi et le 4\u00e8me vendredi du mois \u00e0 la mairie de Castelnau-de-Montmiral.<\/p>\n<p>* le 2\u00e8me vendredi du mois \u00e0 Gaillac.<\/p>\n<p>* le 3\u00e8me vendredi du mois \u00e0 Cahuzac-sur-V\u00e8re.<\/p>\n<\/div>\n","protected":false},"excerpt":{"rendered":"<p>Autonomie service 81 :\u00a0 \u00a0 05.63.40.62.62 AUTONOMIE SERVICES 81 Si\u00e8ge administratif\u00a0\u00a0\u00a0\u00a0\u00a0\u00a0\u00a0\u00a0\u00a0\u00a0\u00a0\u00a0\u00a0\u00a0\u00a0\u00a0\u00a0\u00a0\u00a0\u00a0\u00a0\u00a0\u00a0\u00a0\u00a0\u00a0\u00a0\u00a0\u00a0\u00a0\u00a0\u00a0 Si\u00e8ge social 13 rue de l&rsquo;Escalfadou\u00a0 \u00a0 \u00a0 \u00a0 \u00a0 \u00a0 \u00a0 \u00a0 \u00a0 \u00a0 \u00a0 \u00a0 \u00a0 \u00a0 \u00a0 \u00a0 \u00a0 \u00a04 rue Elie Aymeric, Centre m\u00e9dical, B\u00e2t F 81140 CAHUZAC-SUR-VERE\u00a0 \u00a0 \u00a0 \u00a0 \u00a0 \u00a0 \u00a0 \u00a0 \u00a0 \u00a0 81800 RABASTENS Tel : [&hellip;]<\/p>\n","protected":false},"author":2,"featured_media":0,"parent":0,"menu_order":0,"comment_status":"closed","ping_status":"closed","template":"","meta":{"footnotes":""},"_links":{"self":[{"href":"https:\/\/www.cahuzac-sur-vere.fr\/web\/wp-json\/wp\/v2\/pages\/12199"}],"collection":[{"href":"https:\/\/www.cahuzac-sur-vere.fr\/web\/wp-json\/wp\/v2\/pages"}],"about":[{"href":"https:\/\/www.cahuzac-sur-vere.fr\/web\/wp-json\/wp\/v2\/types\/page"}],"author":[{"embeddable":true,"href":"https:\/\/www.cahuzac-sur-vere.fr\/web\/wp-json\/wp\/v2\/users\/2"}],"replies":[{"embeddable":true,"href":"https:\/\/www.cahuzac-sur-vere.fr\/web\/wp-json\/wp\/v2\/comments?post=12199"}],"version-history":[{"count":11,"href":"https:\/\/www.cahuzac-sur-vere.fr\/web\/wp-json\/wp\/v2\/pages\/12199\/revisions"}],"predecessor-version":[{"id":16193,"href":"https:\/\/www.cahuzac-sur-vere.fr\/web\/wp-json\/wp\/v2\/pages\/12199\/revisions\/16193"}],"wp:attachment":[{"href":"https:\/\/www.cahuzac-sur-vere.fr\/web\/wp-json\/wp\/v2\/media?parent=12199"}],"curies":[{"name":"wp","href":"https:\/\/api.w.org\/{rel}","templated":true}]}}