{"id":12216,"date":"2016-11-14T09:58:23","date_gmt":"2016-11-14T08:58:23","guid":{"rendered":"http:\/\/www.cahuzac-sur-vere.fr\/web\/?page_id=12216"},"modified":"2016-11-14T10:27:13","modified_gmt":"2016-11-14T09:27:13","slug":"location-des-tables-et-bancs","status":"publish","type":"page","link":"https:\/\/www.cahuzac-sur-vere.fr\/web\/location-des-tables-et-bancs\/","title":{"rendered":"Location des tables et bancs"},"content":{"rendered":"<p>&#8211; Table\u00a0: 2 \u20ac<br \/>\n&#8211; Banc\u00a0: 1 \u20ac<\/p>\n<p>Une caution de 10 \u20ac par table est \u00e9galement demand\u00e9e, en ch\u00e8que bancaire, \u00e0 remettre au moment de la prise de mat\u00e9riel.<\/p>\n","protected":false},"excerpt":{"rendered":"<p>&#8211; Table\u00a0: 2 \u20ac &#8211; Banc\u00a0: 1 \u20ac Une caution de 10 \u20ac par table est \u00e9galement demand\u00e9e, en ch\u00e8que bancaire, \u00e0 remettre au moment de la prise de mat\u00e9riel.<\/p>\n","protected":false},"author":2,"featured_media":0,"parent":0,"menu_order":0,"comment_status":"closed","ping_status":"closed","template":"","meta":{"footnotes":""},"_links":{"self":[{"href":"https:\/\/www.cahuzac-sur-vere.fr\/web\/wp-json\/wp\/v2\/pages\/12216"}],"collection":[{"href":"https:\/\/www.cahuzac-sur-vere.fr\/web\/wp-json\/wp\/v2\/pages"}],"about":[{"href":"https:\/\/www.cahuzac-sur-vere.fr\/web\/wp-json\/wp\/v2\/types\/page"}],"author":[{"embeddable":true,"href":"https:\/\/www.cahuzac-sur-vere.fr\/web\/wp-json\/wp\/v2\/users\/2"}],"replies":[{"embeddable":true,"href":"https:\/\/www.cahuzac-sur-vere.fr\/web\/wp-json\/wp\/v2\/comments?post=12216"}],"version-history":[{"count":2,"href":"https:\/\/www.cahuzac-sur-vere.fr\/web\/wp-json\/wp\/v2\/pages\/12216\/revisions"}],"predecessor-version":[{"id":12227,"href":"https:\/\/www.cahuzac-sur-vere.fr\/web\/wp-json\/wp\/v2\/pages\/12216\/revisions\/12227"}],"wp:attachment":[{"href":"https:\/\/www.cahuzac-sur-vere.fr\/web\/wp-json\/wp\/v2\/media?parent=12216"}],"curies":[{"name":"wp","href":"https:\/\/api.w.org\/{rel}","templated":true}]}}