{"id":13030,"date":"2017-02-15T12:29:36","date_gmt":"2017-02-15T11:29:36","guid":{"rendered":"http:\/\/www.cahuzac-sur-vere.fr\/web\/?page_id=13030"},"modified":"2017-02-15T12:29:36","modified_gmt":"2017-02-15T11:29:36","slug":"premieres-etapes-en-2016","status":"publish","type":"page","link":"https:\/\/www.cahuzac-sur-vere.fr\/web\/premieres-etapes-en-2016\/","title":{"rendered":"Premi\u00e8res \u00e9tapes en 2016"},"content":{"rendered":"<p>La municipalit\u00e9 a engag\u00e9 depuis le printemps 2015, une remise aux normes des cinq cimeti\u00e8res de la commune (Cahuzac, Arzac, Lintin, Salettes, Granejouls), dans lesquels de nombreuses tombes semblaient d\u00e9laiss\u00e9es et pour lesquels les actes de concession n&rsquo;\u00e9taient pas tous aux normes.<\/p>\n<p>1) Dans un premier temps,<strong> l&rsquo;entreprise ELABOR a recens\u00e9<\/strong> les diff\u00e9rentes tombes afin de savoir pour lesquelles il fallait lancer une proc\u00e9dure.<br \/>\nLe mercredi 17 juin, apr\u00e8s avoir inform\u00e9 la population des proc\u00e9dures en cours, M. Michel Bonnet, Maire de Cahuzac sur V\u00e8re , a proc\u00e9d\u00e9, en pr\u00e9sence de la gendarmerie, au constat d&rsquo;abandon pour 45 s\u00e9pultures, c&rsquo;est \u00e0 dire pour les tombes de plus de 30 d&rsquo;existence, non entretenues et dans lesquelles il n&rsquo;y a pas eu d&rsquo;inhumation depuis plus de 10 ans.<\/p>\n<p>2) <strong>Puis une proc\u00e9dure de reprise de s\u00e9pulture <\/strong>a \u00e9t\u00e9 lanc\u00e9e pour une centaine de s\u00e9pultures dont on ne retrouvait pas les titres de concession. En effet, si la s\u00e9pulture est sans concession, il s&rsquo;agit \u00ab d&rsquo;une occupation indue du domaine communal \u00bb et les s\u00e9pultures retombent alors sous le r\u00e9gime du Terrain Commun, anciennement appel\u00e9 \u00ab Fosse commune \u00bb. Les terrains occup\u00e9s depuis plus de 5 ans devraient alors \u00eatre lib\u00e9r\u00e9s et affect\u00e9s \u00e0 de nouvelles s\u00e9pultures.<br \/>\nDevant la difficult\u00e9 \u00e0 retrouver la trace de certaines familles ou de certains actes de concession, dont certains remontent parfois au XIX\u00e8 si\u00e8cle, <strong><span style=\"color: #0000ff;\">le d\u00e9lai pour faire r\u00e9gulariser la concession a \u00e9t\u00e9 repouss\u00e9 au<\/span>\u00a0<span style=\"color: #ff0000;\">31 d\u00e9cembre 2016.<\/span><\/strong><\/p>\n<p>Consciente de l&rsquo;aspect tr\u00e8s sensible de ce sujet, la municipalit\u00e9 demande la participation de tous les citoyens pour garder \u00e0 cette op\u00e9ration d\u00e9licate, le caract\u00e8re le plus humain possible.<br \/>\nNous vous rappelons que, si vous connaissez des familles concern\u00e9es qui n&rsquo;habitent plus dans les environs, par exemple, vous pouvez venir le signaler \u00e0 la Mairie, en indiquant, si possible, comment les joindre. La municipalit\u00e9 vous en remercie par avance.<em><br \/>\n<\/em><\/p>\n","protected":false},"excerpt":{"rendered":"<p>La municipalit\u00e9 a engag\u00e9 depuis le printemps 2015, une remise aux normes des cinq cimeti\u00e8res de la commune (Cahuzac, Arzac, Lintin, Salettes, Granejouls), dans lesquels de nombreuses tombes semblaient d\u00e9laiss\u00e9es et pour lesquels les actes de concession n&rsquo;\u00e9taient pas tous aux normes. 1) Dans un premier temps, l&rsquo;entreprise ELABOR a recens\u00e9 les diff\u00e9rentes tombes afin de [&hellip;]<\/p>\n","protected":false},"author":2,"featured_media":0,"parent":0,"menu_order":0,"comment_status":"closed","ping_status":"closed","template":"","meta":{"footnotes":""},"_links":{"self":[{"href":"https:\/\/www.cahuzac-sur-vere.fr\/web\/wp-json\/wp\/v2\/pages\/13030"}],"collection":[{"href":"https:\/\/www.cahuzac-sur-vere.fr\/web\/wp-json\/wp\/v2\/pages"}],"about":[{"href":"https:\/\/www.cahuzac-sur-vere.fr\/web\/wp-json\/wp\/v2\/types\/page"}],"author":[{"embeddable":true,"href":"https:\/\/www.cahuzac-sur-vere.fr\/web\/wp-json\/wp\/v2\/users\/2"}],"replies":[{"embeddable":true,"href":"https:\/\/www.cahuzac-sur-vere.fr\/web\/wp-json\/wp\/v2\/comments?post=13030"}],"version-history":[{"count":1,"href":"https:\/\/www.cahuzac-sur-vere.fr\/web\/wp-json\/wp\/v2\/pages\/13030\/revisions"}],"predecessor-version":[{"id":13031,"href":"https:\/\/www.cahuzac-sur-vere.fr\/web\/wp-json\/wp\/v2\/pages\/13030\/revisions\/13031"}],"wp:attachment":[{"href":"https:\/\/www.cahuzac-sur-vere.fr\/web\/wp-json\/wp\/v2\/media?parent=13030"}],"curies":[{"name":"wp","href":"https:\/\/api.w.org\/{rel}","templated":true}]}}